 and 16157.
107
What is the greatest common divisor of 100331 and 319?
11
What is the highest common divisor of 26973 and 185?
37
Calculate the greatest common divisor of 28 and 228.
4
What is the highest common factor of 3315 and 218127?
663
Calculate the greatest common divisor of 18944 and 56.
8
What is the greatest common divisor of 2980 and 9983?
149
Calculate the greatest common divisor of 608375 and 775.
775
Calculate the highest common divisor of 987 and 255351.
141
Calculate the greatest common divisor of 1782097 and 155.
31
What is the highest common factor of 73 and 699851?
73
Calculate the highest common factor of 295002 and 54.
54
Calculate the greatest common factor of 1845 and 482160.
615
Calculate the highest common factor of 64 and 247568.
16
Calculate the highest common divisor of 493000 and 136.
136
What is the highest common factor of 1804 and 10912?
44
Calculate the greatest common divisor of 415 and 305.
5
What is the highest common factor of 2188 and 748?
4
What is the greatest common factor of 854 and 126?
14
What is the greatest common divisor of 24172 and 184?
4
Calculate the greatest common factor of 85584 and 48.
48
Calculate the highest common divisor of 10 and 6516.
2
Calculate the highest common factor of 3311 and 737.
11
What is the highest common divisor of 2006524 and 611?
611
What is the highest common divisor of 920 and 99880?
40
Calculate the highest common divisor of 169 and 818.
1
What is the greatest common divisor of 1122662 and 164?
82
Calculate the greatest common factor of 3475 and 1600.
25
What is the greatest common divisor of 45140 and 244?
244
Calculate the greatest common factor of 6 and 4213962.
6
What is the greatest common factor of 230121 and 30304?
947
What is the highest common factor of 290 and 869710?
290
What is the highest common divisor of 18 and 1497?
3
Calculate the highest common divisor of 306 and 49536.
18
What is the highest common divisor of 8 and 1348?
4
What is the highest common factor of 177 and 13830249?
177
What is the highest common divisor of 23195 and 210?
5
What is the greatest common factor of 15375 and 1375?
125
What is the highest common factor of 2734446 and 462?
66
What is the highest common divisor of 423 and 369?
9
Calculate the greatest common divisor of 3931 and 70.
1
What is the highest common divisor of 373350 and 57?
57
Calculate the highest common factor of 12884 and 43.
1
What is the greatest common divisor of 1386 and 632940?
462
What is the highest common factor of 53698 and 4?
2
What is the greatest common divisor of 22 and 2100802?
22
Calculate the greatest common factor of 96 and 31216.
16
What is the highest common factor of 4794793 and 74?
37
Calculate the greatest common factor of 439071 and 133.
19
Calculate the highest common factor of 33005 and 10787.
161
What is the highest common factor of 328605 and 855?
285
Calculate the highest common factor of 28476 and 2772.
252
Calculate the highest common divisor of 2635 and 2480.
155
What is the greatest common factor of 7 and 252?
7
Calculate the highest common factor of 1 and 367288.
1
What is the highest common divisor of 599 and 276139?
599
What is the greatest common divisor of 112 and 1440?
16
Calculate the highest common divisor of 7 and 35141.
1
Calculate the highest common factor of 324 and 3284.
4
What is the highest common divisor of 62172 and 396?
396
What is the highest common factor of 142254 and 1386?
126
What is the greatest common factor of 75 and 17925?
75
What is the greatest common factor of 123 and 2709567?
123
What is the highest common factor of 1275 and 834870?
255
What is the highest common factor of 48 and 3390?
6
What is the greatest common factor of 19960 and 160?
40
Calculate the greatest common divisor of 23253 and 2001.
69
Calculate the greatest common factor of 1548 and 30788.
172
Calculate the greatest common factor of 87105 and 90.
15
Calculate the greatest common factor of 6498 and 5166.
18
What is the greatest common divisor of 6 and 461784?
6
What is the highest common divisor of 64 and 227480?
8
What is the greatest common factor of 6944493 and 111?
111
What is the highest common divisor of 55 and 24585?
55
Calculate the greatest common divisor of 52 and 109161.
13
What is the highest common divisor of 182902 and 218?
218
What is the greatest common divisor of 402930 and 180?
90
What is the highest common factor of 36 and 1274166?
18
What is the highest common factor of 129349 and 11?
11
Calculate the greatest common factor of 348 and 1012332.
348
Calculate the highest common factor of 370746 and 58917.
1437
What is the highest common divisor of 67 and 73499?
67
What is the greatest common divisor of 29884 and 24676?
124
What is the greatest common factor of 372 and 180?
12
What is the highest common factor of 175 and 54215?
35
What is the highest common factor of 3 and 1507?
1
Calculate the greatest common divisor of 7059 and 546.
39
Calculate the highest common divisor of 6116 and 298572.
556
Calculate the highest common factor of 41 and 468917.
41
What is the greatest common factor of 455 and 21931?
91
What is the greatest common factor of 186784 and 416?
416
What is the highest common divisor of 87 and 49097?
29
What is the greatest common divisor of 20734 and 224?
14
What is the greatest common factor of 781 and 12327304?
781
What is the greatest common factor of 35653 and 99899?
353
What is the greatest common factor of 520288 and 71?
71
Calculate the highest common divisor of 3159 and 559.
13
Calculate the highest common divisor of 9135 and 21245.
35
Calculate the highest common factor of 97300 and 10300.
100
Calculate the highest common divisor of 708 and 126732.
708
Calculate the greatest common factor of 28 and 282268.
28
What is the highest common factor of 119 and 593793?
17
What is the greatest common factor of 62780 and 8395?
365
Calculate the greatest common factor of 6030449 and 11885.
2377
Calculate the highest common divisor of 1377 and 1292.
17
What is the greatest common factor of 3723 and 91851?
51
What is the highest common factor of 62266 and 2674?
382
Calculate the highest common factor of 216 and 3924.
36
What is the greatest common factor of 21 and 177807?
21
Calculate the highest common divisor of 6880 and 480.
160
What is the greatest common divisor of 1694 and 371470?
242
What is the greatest common factor of 24 and 224424?
24
What is the greatest common factor of 6658868 and 276?
92
Calculate the greatest common divisor of 2840 and 128.
8
What is the greatest common factor of 42 and 31598?
14
What is the highest common divisor of 120 and 19770?
30
What is the greatest common divisor of 1060 and 24740?
20
What is the highest common factor of 25 and 6391425?
25
Calculate the greatest common divisor of 127594 and 2922.
974
What is the highest common factor of 38 and 78436?
2
Calculate the highest common factor of 35 and 7385.
35
Calculate the greatest common factor of 32809 and 43.
43
What is the greatest common divisor of 89424 and 1728?
432
Calculate the greatest common divisor of 3757 and 12779.
13
What is the highest common divisor of 10468 and 4?
4
What is the greatest common factor of 19 and 656431?
19
Calculate the highest common divisor of 3737 and 3838.
101
Calculate the highest common divisor of 2167 and 8471.
197
What is the greatest common divisor of 37 and 1190475?
37
Calculate the greatest common divisor of 6176 and 45548.
772
Calculate the highest common factor of 192 and 100320.
96
Calculate the greatest common divisor of 1302 and 238.
14
Calculate the greatest common factor of 518 and 10730.
74
Calculate the greatest common factor of 1035 and 3840057.
207
What is the greatest common divisor of 34 and 1166234?
34
What is the greatest common divisor of 30351 and 5829?
201
What is the highest common factor of 3025297 and 11?
11
What is the greatest common factor of 10758 and 462?
66
What is the greatest common factor of 1208 and 3967374?
302
Calculate the greatest common factor of 24094 and 112.
14
What is the highest common divisor of 15916 and 17473?
173
Calculate the greatest common divisor of 51399 and 18.
9
Calculate the greatest common divisor of 60 and 1788.
12
What is the greatest common factor of 2294 and 818